s divided by 116.
101
What is the remainder when 1883 is divided by 54?
47
Calculate the remainder when 177 is divided by 147.
30
Calculate the remainder when 4447 is divided by 16.
15
What is the remainder when 84 is divided by 11?
7
What is the remainder when 106 is divided by 18?
16
Calculate the remainder when 4184 is divided by 463.
17
What is the remainder when 384 is divided by 108?
60
What is the remainder when 66 is divided by 10?
6
What is the remainder when 79 is divided by 23?
10
What is the remainder when 48 is divided by 19?
10
Calculate the remainder when 9545 is divided by 217.
214
What is the remainder when 506 is divided by 127?
125
What is the remainder when 614 is divided by 103?
99
Calculate the remainder when 113 is divided by 13.
9
Calculate the remainder when 416 is divided by 70.
66
What is the remainder when 9573 is divided by 19?
16
What is the remainder when 3861 is divided by 86?
77
Calculate the remainder when 7113 is divided by 26.
15
What is the remainder when 116 is divided by 13?
12
What is the remainder when 459 is divided by 71?
33
Calculate the remainder when 2113 is divided by 7.
6
What is the remainder when 185 is divided by 47?
44
What is the remainder when 307 is divided by 11?
10
Calculate the remainder when 3219 is divided by 230.
229
Calculate the remainder when 22 is divided by 12.
10
Calculate the remainder when 15 is divided by 8.
7
What is the remainder when 158 is divided by 68?
22
Calculate the remainder when 542 is divided by 177.
11
Calculate the remainder when 214 is divided by 47.
26
Calculate the remainder when 299 is divided by 7.
5
What is the remainder when 620 is divided by 33?
26
Calculate the remainder when 812 is divided by 38.
14
Calculate the remainder when 521 is divided by 158.
47
What is the remainder when 86 is divided by 37?
12
What is the remainder when 72 is divided by 20?
12
Calculate the remainder when 254 is divided by 43.
39
What is the remainder when 4382 is divided by 274?
272
What is the remainder when 331 is divided by 37?
35
What is the remainder when 240 is divided by 35?
30
Calculate the remainder when 488 is divided by 126.
110
What is the remainder when 1297 is divided by 43?
7
What is the remainder when 65 is divided by 30?
5
What is the remainder when 681 is divided by 36?
33
Calculate the remainder when 2015 is divided by 88.
79
What is the remainder when 1012 is divided by 29?
26
What is the remainder when 86 is divided by 10?
6
Calculate the remainder when 129 is divided by 62.
5
Calculate the remainder when 52 is divided by 21.
10
What is the remainder when 2844 is divided by 13?
10
What is the remainder when 290 is divided by 154?
136
What is the remainder when 119 is divided by 19?
5
What is the remainder when 14568 is divided by 31?
29
Calculate the remainder when 212 is divided by 14.
2
What is the remainder when 58 is divided by 30?
28
Calculate the remainder when 153 is divided by 46.
15
What is the remainder when 97 is divided by 5?
2
Calculate the remainder when 324 is divided by 101.
21
What is the remainder when 1011 is divided by 23?
22
What is the remainder when 17090 is divided by 81?
80
Calculate the remainder when 1131 is divided by 76.
67
What is the remainder when 11298 is divided by 50?
48
Calculate the remainder when 345 is divided by 55.
15
What is the remainder when 241 is divided by 41?
36
What is the remainder when 6404 is divided by 61?
60
What is the remainder when 2062 is divided by 16?
14
What is the remainder when 1529 is divided by 12?
5
What is the remainder when 516 is divided by 88?
76
What is the remainder when 919 is divided by 190?
159
What is the remainder when 724 is divided by 121?
119
What is the remainder when 1670 is divided by 76?
74
What is the remainder when 545 is divided by 47?
28
Calculate the remainder when 2661 is divided by 2632.
29
Calculate the remainder when 175 is divided by 65.
45
What is the remainder when 216 is divided by 102?
12
What is the remainder when 58 is divided by 41?
17
Calculate the remainder when 172 is divided by 45.
37
What is the remainder when 25 is divided by 2?
1
What is the remainder when 144 is divided by 29?
28
Calculate the remainder when 183 is divided by 61.
0
Calculate the remainder when 398 is divided by 139.
120
Calculate the remainder when 235 is divided by 92.
51
What is the remainder when 1099 is divided by 338?
85
What is the remainder when 204 is divided by 108?
96
Calculate the remainder when 4602 is divided by 1530.
12
Calculate the remainder when 103 is divided by 18.
13
What is the remainder when 491 is divided by 16?
11
What is the remainder when 989 is divided by 8?
5
What is the remainder when 654 is divided by 131?
130
What is the remainder when 299 is divided by 34?
27
Calculate the remainder when 3175 is divided by 60.
55
What is the remainder when 277 is divided by 66?
13
What is the remainder when 891 is divided by 149?
146
What is the remainder when 13242 is divided by 28?
26
Calculate the remainder when 14574 is divided by 11.
10
Calculate the remainder when 28 is divided by 3.
1
What is the remainder when 618 is divided by 203?
9
Calculate the remainder when 234 is divided by 22.
14
What is the remainder when 159 is divided by 29?
14
Calculate the remainder when 187 is divided by 63.
61
Calculate the remainder when 8105 is divided by 159.
155
Calculate the remainder when 119 is divided by 66.
53
What is the remainder when 1911 is divided by 29?
26
Calculate the remainder when 861 is divided by 409.
43
What is the remainder when 83 is divided by 20?
3
Calculate the remainder when 1181 is divided by 32.
29
Calculate the remainder when 254 is divided by 65.
59
What is the remainder when 2168 is divided by 62?
60
What is the remainder when 1354 is divided by 59?
56
What is the remainder when 365 is divided by 65?
40
Calculate the remainder when 714 is divided by 114.
30
Calculate the remainder when 310 is divided by 33.
13
What is the remainder when 15678 is divided by 32?
30
What is the remainder when 1320 is divided by 38?
28
What is the remainder when 837 is divided by 30?
27
Calculate the remainder when 168 is divided by 35.
28
Calculate the remainder when 189 is divided by 64.
61
Calculate the remainder when 1020 is divided by 14.
12
What is the remainder when 486 is divided by 238?
10
What is the remainder when 104 is divided by 91?
13
Calculate the remainder when 260 is divided by 34.
22
What is the remainder when 520 is divided by 236?
48
Calculate the remainder when 134 is divided by 9.
8
Calculate the remainder when 458 is divided by 76.
2
What is the remainder when 61 is divided by 42?
19
What is the remainder when 131 is divided by 19?
17
Calculate the remainder when 1655 is divided by 187.
159
What is the remainder when 1312 is divided by 192?
160
Calculate the remainder when 1812 is divided by 49.
48
Calculate the remainder when 1017 is divided by 253.
5
Calculate the remainder when 61 is divided by 18.
7
Calculate the remainder when 262 is divided by 37.
3
What is the remainder when 1456 is divided by 63?
7
What is the remainder when 135 is divided by 47?
41
Calculate the remainder when 198 is divided by 8.
6
What is the remainder when 2461 is divided by 176?
173
Calculate the remainder when 483 is divided by 169.
145
Calculate the remainder when 120 is divided by 56.
8
Calculate the remainder when 139 is divided by 19.
6
Calculate the remainder when 2353 is divided by 11.
10
What is the remainder when 2020 is divided by 1005?
10
What is the remainder when 2049 is divided by 108?
105
Calculate the remainder when 608 is divided by 12.
8
What is the remainder when 878 is divided by 40?
38
What is the remainder when 1642 is divided by 325?
17
What is the remainder when 1472 is divided by 41?
37
What is the remainder when 2197 is divided by 58?
51
Calculate the remainder when 92 is divided by 9.
2
What is the remainder when 2923 is divided by 24?
19
What is the remainder when 342 is divided by 23?
20
What is the remainder when 88 is divided by 43?
2
What is the remainder when 670 is divided by 218?
16
Calculate the remainder when 907 is divided by 84.
67
What is the remainder when 619 is divided by 10?
9
Calculate the remainder when 314 is 